*3 + f - 771 - 8*f + 770. Determine c(-8).
-9
Let y(i) = 5*i**2 + 2*i + 5. Let d = 678 + -680. Give y(d).
21
Let t = -45 + 49. Suppose -3*d - 11 = -3*w - t*d, 3*w - d - 19 = 0. Suppose 5*h + 45 = -w*y, 0*h - y = -4*h - 16. Let x(z) = -z + 3. Calculate x(h).
8
Let s(t) = -5*t**2 + 11*t - 20. Let b = 2960 - 2956. Give s(b).
-56
Let v(d) be the second derivative of -d**5/15 - 2*d**2 - 3*d. Let z(m) be the first derivative of v(m). Suppose 0 = -35*n + 45 - 10. What is z(n)?
-4
Let g = -9377 - -9378. Let c(r) = 17*r - 15. Determine c(g).
2
Let k(s) be the first derivative of -s**6/360 + s**5/15 + s**4/8 + 22*s**3/3 - 3*s - 35. Let o(g) be the third derivative of k(g). Determine o(6).
15
Let u(p) = 27*p**3 + p + 1. Let f = 237 + -238. Let d be 11/(-55)*(6 + f). Determine u(d).
-27
Let d(n) = 4 + n**3 + 6*n**2 - 6*n - 5*n**3 + 3*n**3. Let s(a) = a**3 - 15*a**2 - 6*a + 201. Let o be s(10). Let i = 363 + o. Determine d(i).
12
Let u(g) = -5*g - 9. Suppose 24 = o + 4*y, -3*o = 3*y - 10 - 17. Let a(w) = -7*w - 10. Let j(x) = o*u(x) - 3*a(x). What is j(6)?
0
Let q = -21 - -25. Let o(b) = -206*b + 2 + 105*b + 0 + 95*b. Determine o(q).
-22
Let j be (1 + -2)/(-4 + 5). Let z(v) = 71*v**3 - v**2 + 12*v + 1. Let a(r) = 11*r**3 + 2*r. Let w(q) = -6*a(q) + z(q). Determine w(j).
-5
Let a(b) = -b**3 - 48*b**2 + 99*b - 22. Let z be a(-50). Suppose -5*r = -3 + z. Let s(f) = -f - 3. Give s(r).
2
Let b(i) be the second derivative of -i**5/20 + 11*i**4/12 - 11*i**3/6 + i**2 + 914*i. What is b(10)?
-8
Let r(z) = -3*z - 116 - z**2 + 39 + 44 + 38 + 0*z**2. Suppose -4*b + 8 = 0, 0*b = 3*n - 2*b + 16. Calculate r(n).
1
Let a(y) = 8*y - 52 - 22*y + 81*y - 17*y. Determine a(1).
-2
Let v(t) = -3*t + 24. Let w(k) = -k - 1. Let x(l) = v(l) - 5*w(l). Let u be x(-9). Let p(a) = 3*a**2 + a + u*a**2 - 15*a**2 + 1. What is p(-1)?
-1
Let k(f) be the first derivative of f**4/4 + 3*f**3 + f**2 - 32*f + 3877. What is k(-8)?
16
Let w be 3/(((-8)/(-2))/(-8)). Let j(s) be the first derivative of s - 1/2*s**2 - 89. Calculate j(w).
7
Let m(d) = 20*d + 11. Let o(g) = -g**3 + 92*g**2 - 350*g - 181. Let a be o(88). Give m(a).
-89
Suppose 0 = -5*j + j - 5*g + 13, 6 = 2*j + 2*g. Let i(k) = 1 - 2 - 11*k**2 - 10*k**2 + 19*k**j + 2. What is i(-2)?
-7
Let h(d) be the first derivative of -3*d**2/2 - 7*d + 40. Let x be h(-3). Let y(k) = 3 - 3 + k + 3*k**2 + 1. Give y(x).
15
Let h(q) be the first derivative of q**3/3 + 7. Let g be h(-2). Let s(k) = 2*k**2 - 1. Let r(w) = w**3 + 7*w**2 - 2*w - 10. Let c(l) = r(l) - 5*s(l). Give c(g).
3
Let b(v) = 4*v**2 - 20*v + 15. Let o be b(1). Suppose -4*s - j - 2 = 4*j, 4*s - 3*j = 14. Let a(c) = 2 - c + s*c**3 + 2*c - 1. Give a(o).
-2
Let v(l) = 2*l + 1. Let k(c) = 5 - 21*c - 2 + 7 + 29*c. Let z(p) = k(p) - 5*v(p). Give z(4).
-3
Let n(h) = 7 - 4 - 2*h - 22*h**2 + 23*h**2. Let y be n(6). Suppose 5*i - 3*i - 5*v = 3, -y = 2*i + 5*v. Let t(m) = m**2 + 4*m + 4. Determine t(i).
16
Let k(b) = 111 + 136 - 380 + b + 142. Calculate k(-30).
-21
Let s(i) = -i**3 + 57 + 6*i - 41 + 347*i**2 - 26 - 349*i**2. Calculate s(-4).
-2
Let x be -3 + (6*(5 - 4) - 1). Let i(q) = 4 - 2*q**x - 4*q - 20*q**3 + 19*q**3 + 6*q. Give i(-3).
7
Suppose -8*y = -5*y. Let f(c) = -2*c**3 + c**3 - 5 + 4*c**2 + y*c**2 + 7*c. Let m be ((-335)/134)/((-2)/4). What is f(m)?
5
Let z(p) = 4*p**2 + 143 + 28*p + 313 - 483. Give z(1).
5
Suppose -9*v + 11*v = -4. Let k be 80/24 + ((-8)/6)/v. Let a(f) = f**3 - 5*f**2 + 5*f + 2. Give a(k).
6
Let o(m) = -m**3 + 9*m**2 + 17*m - 12. Let s be o(8). Let x = -194 + s. Let t(h) = -h**2 - 7*h + 1. Determine t(x).
7
Let c be -5*-3*(-4)/(-30). Let m(d) = d - d**2 + 5*d - d**2 - 56 + 63 + d**c. What is m(8)?
-9
Let g = -16 - -22. Let q(b) be the first derivative of b**4/4 - 55. Let i(p) = -p**3 - 2*p**2 + 1. Let s(r) = 3*i(r) + 4*q(r). Calculate s(g).
3
Let d(x) = 2*x**2 + 4*x + 11. Let i be d(-5). Let f(w) = -23 - w - 18 + i. Give f(-3).
3
Suppose -l = s + 1, -4*l - 13 = -4*s - 41. Let z(m) be the second derivative of -m**5/20 - m**4/2 - 2*m**3/3 + 5*m**2/2 + 16*m. What is z(s)?
-11
Suppose -3*y = 42*u - 35*u - 18, 2 = -4*y - 5*u. Let d(p) = 12*p - 18. Calculate d(y).
-114
Let q(z) = -z**2 + 20. Let w = 2063 - 2067. What is q(w)?
4
Let f = 1 - 2. Let l be -2*(27/(-6) + f). Let u(r) be the second derivative of r**4/12 - 5*r**3/3 - 7*r**2 - 100*r + 80. Calculate u(l).
-3
Suppose -80*n + 435 = -292*n + 2979. Let w(a) = -a**2 + 17*a - 47. Calculate w(n).
13
Suppose -1305 - 4914 = 178*z - 1057. Let p(x) = -x**3 - 29*x**2 - 2*x - 43. Determine p(z).
15
Let c(h) = 10*h**2 + 4*h. Let d(f) = 27*f**2 + 10*f - 1. Let z(s) = -8*c(s) + 3*d(s). Let l = 0 - 2. What is z(l)?
5
Suppose -10*v - 3*y = -6*v - 61, 0 = -5*v + 5*y + 85. Let d(t) = t**2 - 13*t - 57. Calculate d(v).
-9
Suppose -113 + 17 = -21*q + 51. Let c(x) = 2*x + 7. Calculate c(q).
21
Let y(b) = 6*b - 2. Let d(c) = -2*c**3 + 14*c**2 - 4*c + 16. Let v be d(7). Calculate y(v).
-74
Let f(c) = c + 69 + 62 - 195 + 66. Suppose i - 3*l = -2*i - 75, -l + 113 = -5*i. Let j = i - -17. Calculate f(j).
-3
Let f(i) be the second derivative of i**4/12 + 5*i**3/3 + 19*i**2/2 - 5611*i. What is f(-7)?
-2
Let c = 4131 + -4133. Let i(h) = 7*h**2 + 11*h + 2. Determine i(c).
8
Let i = 72 + -47. Let r be 10/i*(-1 + 1 + 20). Let u(o) = -r*o + 13*o + 0*o - 7*o + 3. Calculate u(5).
-7
Let o(v) = v**2 + 51*v + 104. Let y be o(-49). Let t(n) = -n**3 + 8*n**2 - 7*n - 25. Give t(y).
5
Suppose 12*v = -49*v - 13*v. Let k(q) = q**3 + q**2 + q - 82. Calculate k(v).
-82
Let d(m) be the third derivative of m**4/12 - 3*m**3/2 - 6*m**2. Let z be d(6). Suppose -2*c = z*c + 10. Let v(b) = 3*b. Give v(c).
-6
Let a(d) be the first derivative of -1/4*d**4 + 19 + 8/3*d**3 + 5*d**2 - d. Suppose 0 = -5*k + 5*l + 55, l = -5*k - 4*l + 35. What is a(k)?
8
Suppose 3 = 412*t - 410*t - 5. Let n(b) = -46*b + 178. Calculate n(t).
-6
Suppose k = 2*x + 16, 2*k - 14 = 3*x - 2*k. Let q(u) = 97 + 9*u**2 - 12*u + u**3 + 93 + 94 - 293. What is q(x)?
11
Suppose 4*p + 546 = -274. Let f = 205 + p. Let j(t) = t**3 - t - 7. What is j(f)?
-7
Let b(r) = 5*r**3 + 8*r**2 + 2*r - 3. Let m(x) = -9*x**3 - 16*x**2 - 5*x + 5. Let t(h) = -11*b(h) - 6*m(h). Let a be 7749/(-369)*9/(-21). Give t(a).
-6
Let a(v) = -17*v - 27. Let j(r) = -23*r - 31. Let q(m) = 4*a(m) - 3*j(m). What is q(27)?
12
Let m = -6 - -1. Let g(p) be the second derivative of p**4/12 + p**3 + p**2/2 + 111*p. Give g(m).
-4
Suppose 46*q - 6 = 45*q, -5*q = 3*x - 8*x - 10. Let f(u) be the second derivative of 1/20*u**5 - u - 1/3*u**4 + 0 + u**2 + 1/3*u**3. Calculate f(x).
10
Let k be -3 + 4/(-2)*-1. Let z = 47 + -37. Let o(f) = 2 + z*f + 12*f - 3 - 27*f. Calculate o(k).
4
Let q(c) = 7*c**2 + c + 1. Let j be q(-1). Suppose -69 = 2*a - 113. Let d(f) = 27*f + a*f - 50*f - 3. What is d(j)?
-10
Let n(s) = s - 7. Let u(k) be the third derivative of k**3/6 - 30*k**2. Let i(h) = -n(h) - u(h). Give i(8).
-2
Let t = 20 + 29. Let x = -47 + t. Let r(z) be the first derivative of -z**4/4 - z**3/3 + z**2/2 + 4. Give r(x).
-10
Let d(i) = 3*i - 8. Let u(t) = -t - 1. Let h be u(-4). Let y be d(h). Let c(l) be the second derivative of -2*l**3/3 - l**2/2 + 12*l. Give c(y).
-5
Let s(p) = 32 + 956*p + 956*p + 2 - 1917*p. Calculate s(3).
19
Suppose 0 = 8491*d - 8493*d + 12. Let u(t) = -t**2 + 9*t - 12. Calculate u(d).
6
Let s(m) = -m**2 - 5*m + 2. Let k be (4 + -1)/((-6)/(-4)). Let v be 17/k + (-2)/(-4). Suppose 10 = 4*j - v*j, -4*j + 7 = -3*l. Determine s(l).
2
Suppose 3*b = 4*b, 0 = -2*v - 5*b + 6. Suppose 0 = -v*t + 29*t. Let y(d) = d**3 + 3*d**2 + 2. Give y(t).
2
Suppose -11 - 55 = -22*g. Let m(v) = 11*v - 28. Calculate m(g).
5
Let m(y) = 382174*y - 764464*y + 382223*y - 337. Give m(-5).
-2
Let r be 10 - (7 - 20/5). Let h(m) = -4*m**2 - 5*m + 10. Let v(s) = s**2 - s - 1. Let l(u) = -h(u) - 5*v(u). Determine l(r).
16
Let t(a) = -169*a + 55*a + 54*a - 211 + 64*a. Determine t(52).
-3
Let m = -41 + 38. Let j = 206 - 202. Let o(p) = 66*p**2 + p**3 + 3*p + 63*p**2 - j - 124*p**2. What is o(m)?
5
Let t(j) = -j**2 + 5*j + 1. Suppose 4*q - 13 + 77 = 2*w, -34 = -w + 4*q. Suppose -c = 5*f + 14, -2*f - 5*c - w = 3*f. Let a be f/(-4)*4 - -3. Calculate t(a).
1
Let d(j) = 2*j**3 - j**2 + 11*j**2 + 2*j**2 - j**3 - 1742 + 1745 + 11*j. Let s be 2 + (0 - 1 - 12). Determine 